he prime factors of g(5).
2, 3
Let j be 6*3/(-6)*-1. Suppose -5*b = 3*p - 44, -5*b + 58 = 3*p - 7*p. List the prime factors of (-1 - j)/((-5)/b).
2
Let z(p) = 4*p**3 + 2*p**2 + 6*p + 2. Let u(b) = b**3 - b**2 + b. Let y(a) = 3*u(a) - z(a). List the prime factors of y(-5).
13
Suppose -31 = -2*v - 5*o, 5*v - 4*o = o - 10. Suppose -a - q + 22 = 0, 4*a + q = v*q + 82. List the prime factors of a.
3, 7
List the prime factors of -2*-658*5/20.
7, 47
Let l(f) be the first derivative of 7*f**3 + 2. List the prime factors of l(-1).
3, 7
Suppose 0 = -2*l - 14*l + 5984. What are the prime factors of l?
2, 11, 17
Let q = 86 + -59. List the prime factors of q.
3
Suppose -n - 1 = 4*p - 24, -2*n + 4*p - 2 = 0. What are the prime factors of 38 - 2 - (-8 + n)?
37
Let u = -6 + 11. Let y = 7 - 5. List the prime factors of (u - -1)*1/y.
3
Suppose -5*a + 0*a = 30. Let w(g) = g**3 + 6*g**2 - g - 3. List the prime factors of w(a).
3
Let t(c) = -2*c**2 - 3*c + 7. Let r(f) = -3*f**2 - 4*f + 7. Let l(g) = -3*r(g) + 4*t(g). List the prime factors of l(0).
7
Let w(r) = -7*r + 5. List the prime factors of w(-6).
47
Suppose 4*v - 2 - 2 = 0. What are the prime factors of 1/(v/(-2)) + 20?
2, 3
Let u(m) = m**2 + 8*m - 12. Let v be u(-10). Let t = -4 + v. Suppose 3*b = 2*h + 17, -3*h + t*h + 16 = 3*b. What are the prime factors of b?
5
Suppose -3*i + 4*u = -18, -i + 2*u + 12 = 2*i. Suppose -y + 14 - i = 0. Let p = -3 + y. List the prime factors of p.
3
Let m be 0 + (-1)/((-1)/(-114)). Let g = -66 - m. List the prime factors of g.
2, 3
Suppose 0 = -3*l + 188 + 148. What are the prime factors of l?
2, 7
Suppose 0*l + 6 = 5*q - 3*l, -4*q + 18 = 2*l. Suppose -q*g + g + 4 = 0. Suppose 4*m = -2*t + 46, 24 = m + 5*t - g*t. List the prime factors of m.
3
Let r(a) = 3*a**3 - 28*a**2 + 10*a - 5. List the prime factors of r(9).
2
Let x(u) = 9*u - 1. Let c be x(-2). Let a = -9 - c. What are the prime factors of a?
2, 5
Let u(k) = k**3 + k + 11. Let c be u(0). Let v = c - 6. Suppose 4*w - v*w + 11 = 0. List the prime factors of w.
11
Suppose -3*l = 4*c - 159, -2*c + 72 = 4*l - 0*l. List the prime factors of c.
2, 3, 7
Let k(g) = g**2 + 3*g - 1. Let s be k(-4). Let q be 0 + (0 - 0)/s. Suppose -j - 4*h = 6, q = j - h - 8 - 6. List the prime factors of j.
2, 5
Let z(o) = -o - 1. Let t be z(-13). Suppose -3*c + 5*h - 2 = 0, -2*h + t = h. What are the prime factors of c?
2, 3
Suppose 3*r + 2 = r. Let g = 1 + r. Suppose g*n + 12 = n. What are the prime factors of n?
2, 3
Let a be ((-27)/12)/(6/16). Let m = a - -8. What are the prime factors of m?
2
Let b = 28 + -11. What are the prime factors of b?
17
Let w(f) be the second derivative of f**5/20 + f**4/3 + f**3/3 - f**2/2 - 3*f. What are the prime factors of w(-2)?
3
Suppose -8 = -4*r, r - 422 = -4*y - 2*r. Suppose y - 29 = 3*b. List the prime factors of b.
5
List the prime factors of -143*((-21)/(-9) + -2)*-3.
11, 13
Suppose 5*j = 2*j + 114. What are the prime factors of j?
2, 19
Suppose 585 = 8*t - 5*t. List the prime factors of t.
3, 5, 13
Suppose -35 = -2*p + 3*n, 4*n = -2*p + 4*p - 30. What are the prime factors of p?
5
Let z be ((-3)/(-6))/((-3)/(-12)). Suppose f - 24 = -3*b, z*f - 36 = -3*b - 3*f. List the prime factors of b.
7
Suppose 72 + 280 = 8*s. What are the prime factors of s?
2, 11
Let r(q) = -3*q - 11. Let c(x) = -2*x - 5. Let b(h) = -5*c(h) + 3*r(h). Let d be b(8). Let o = 7 - d. List the prime factors of o.
7
Suppose y - 2*n = -4*y + 3, 2*n = -2*y - 10. Let t = y + 7. What are the prime factors of t?
2, 3
What are the prime factors of (-4)/8*-2 + 3?
2
Let q = -3 + 7. Let f = q - 2. Suppose 0 = -3*z - s + 38, 0 = f*s - 6 - 4. List the prime factors of z.
11
Suppose -2*h = -4*h - 24. Let t = h + 17. Let u(l) = l**2 - 5*l + 2. What are the prime factors of u(t)?
2
Let j be 2 + 4 + 1 + -4. Suppose 2*z - 34 = -5*u - 2*z, -2*z - 16 = -j*u. What are the prime factors of (u/4)/(6/20)?
5
What are the prime factors of (-4)/16 + (-1191)/(-12)?
3, 11
Suppose 3*y = 3*m + 87, -2*y - 29 = -3*y - m. List the prime factors of y.
29
Suppose -140 + 8 = -2*k. What are the prime factors of k?
2, 3, 11
Let v be (-6)/(-18) - 22/(-6). Suppose v*n = -0*n + 12. Let r(x) = 2*x**2 - 2*x + 2. What are the prime factors of r(n)?
2, 7
Suppose -4*i - 2 = i + 4*m, -2*m - 14 = -4*i. Let c(x) = x**2 + 2*x - 6. Let a be c(-5). Suppose -i*z = -3*z + a. List the prime factors of z.
3
Suppose 5*s - 5*m = 635, -3*s + 5*m + 353 + 28 = 0. What are the prime factors of s?
127
Let w = 62 + -28. List the prime factors of w.
2, 17
Suppose 435 = 7*j - 4*j. What are the prime factors of j?
5, 29
Let w = -71 + 44. List the prime factors of w/(-9) - (1 - 5).
7
Suppose 3*v = -2*a + 59, 0*a - 5*a = 2*v - 164. What are the prime factors of a?
2, 17
Let n(x) = -14*x - 42. List the prime factors of n(-15).
2, 3, 7
Suppose -3*i + 11 = -4*i. Let m = -5 - i. Suppose -3*w = -m*w + 24. List the prime factors of w.
2
Let k be ((-1)/(-3))/(3/18). Suppose k*x - 4 = -2*g, x - 3*g - 24 = -x. What are the prime factors of x?
2, 3
Let d be 2/3*9/6. Let g = d - -3. Suppose g*o + 44 = 4*s, 2*o + 1 = s - 5. What are the prime factors of s?
2
Suppose 2*h + 10 = 0, 4*j = 18*h - 20*h + 1566. List the prime factors of j.
2, 197
Suppose 9*g = 2*g + 343. List the prime factors of g.
7
Suppose 3*n - 6*n = 5*b - 460, 2*b = -5*n + 165. What are the prime factors of b?
5, 19
Let l = -67 + 96. Let c = l + -4. What are the prime factors of c?
5
Suppose 3*v = -2*j + 40, 0 = -2*v + 3*j + 18. Let a = -7 + 7. Let g = v - a. List the prime factors of g.
2, 3
Suppose 8 = -4*n - 0. Let o be 5 - 2/n*-1. What are the prime factors of o - -1*(1 + 1)?
2, 3
Let g(n) be the third derivative of n**5/30 - 5*n**4/24 + n**3/3 + 2*n**2. List the prime factors of g(6).
2, 11
Suppose 2 = s - 5. What are the prime factors of s/(-1 + (-15)/(-12))?
2, 7
Let k(r) = -r**3 - r**2 + 5*r + 4. What are the prime factors of k(-4)?
2
Let w be (-11)/(-2)*(-44)/(-2). Suppose 3*k = -43 + w. What are the prime factors of k?
2, 13
Let l(m) = -m - 3. Let q be l(5). Let w(y) = y**3 + 9*y**2 + 8*y + 7. What are the prime factors of w(q)?
7
Let x(r) = -r**3 - 7*r**2 - 6*r + 2. List the prime factors of x(-6).
2
Let p(b) be the first derivative of b**3/3 - b**2/2 - 2*b + 4. Let a be p(0). Let d = 5 - a. What are the prime factors of d?
7
Let b = 21 - 18. Suppose 35 = 2*x + k, 10 = -0*x + x + b*k. What are the prime factors of x?
19
Let i be 28/12 - 6/(-9). What are the prime factors of (-1)/(i/60)*-1?
2, 5
Let l be 0 - -1 - 3 - -22. Let p = -10 + l. What are the prime factors of p?
2, 5
Suppose -5*n = -0*n. Suppose 4*r + l + 14 - 60 = n, l = -r + 10. What are the prime factors of r?
2, 3
Suppose -5*l = -5*d + d + 14, -5*d - 8 = -2*l. Let m = l + 11. List the prime factors of m.
5
Suppose 42*o - 45*o + 189 = 0. What are the prime factors of o?
3, 7
Suppose 27 = u - 60. List the prime factors of u.
3, 29
Let o be (3*2/(-3))/1. Let l be o/(-4) - 6/12. Suppose 5*v - 10 = -l*v. List the prime factors of v.
2
List the prime factors of 678*1*10/30.
2, 113
Let n(f) = -f - 31. Let q be n(-19). Let j(x) = x**2 + 10*x + 8. List the prime factors of j(q).
2
Let o(d) = d**2 - d - 6. List the prime factors of o(-5).
2, 3
Suppose -6 = -3*q - 27. Let x(i) = -2*i - 8. Let y(u) = u + 4. Let v(p) = 6*x(p) + 10*y(p). List the prime factors of v(q).
2, 3
Let z(a) = -3*a - 2. Let c be z(-2). Suppose -c*o - o + 160 = 0. What are the prime factors of o?
2
Suppose -3*n + 974 = 2*y + 3364, 5*n = 4*y - 4020. Let w be (6/4)/((-8)/n). What are the prime factors of w/8 - 1/(-4)?
19
Let p(a) = -3*a**3 - 12*a**2 + 16*a + 8. List the prime factors of p(-6).
2
Let g(s) = -s**3 - 8*s**2 + 13*s + 12. Let z be g(-9). What are the prime factors of (-296)/z - 4/(-6)?
13
Suppose 8 = 2*p, -3*t + 5*t - 90 = -4*p. List the prime factors of t.
37
Suppose q = 28 - 11. List the prime factors of q.
17
Let j(u) = -u**2 - 13*u + 8. List the prime factors of j(-7).
2, 5
Let o be (-20 - -2)*1 + 2. Suppose 2*f + 3*n = -45, 0 = 6*f - 3*f - 3*n + 105. Let r = o - f. What are the prime factors of r?
2, 7
Let m = -2 - -4. Suppose 52 - 5 = 5*x - p, m*p = -x + 5. List the prime factors of x.
3
Suppose 0 = 5*r + 258 - 1018. List the prime factors of r.
2, 19
Let d = 24 - 12. Suppose -5*h - d = -2*h. Wh